{"id":846,"date":"2017-02-02T13:14:11","date_gmt":"2017-02-02T13:14:11","guid":{"rendered":"http:\/\/clubdecampoelpaso.com.ar\/club\/?page_id=846"},"modified":"2020-05-27T15:19:58","modified_gmt":"2020-05-27T15:19:58","slug":"tenis","status":"publish","type":"page","link":"https:\/\/clubdecampoelpaso.com.ar\/club\/tenis\/","title":{"rendered":"Tenis"},"content":{"rendered":"<p>[vc_row][vc_column][rev_slider_vc alias=\u00bbslider29&#8243;][\/vc_column][\/vc_row][vc_row][vc_column width=\u00bb2\/3&#8243;][vc_column_text]<\/p>\n<h3><span style=\"color: #99cc00;\">Para Reservas On-line por primera vez solicite la contrase\u00f1a en Secretar\u00eda Deportiva<\/span><\/h3>\n<h3><span style=\"color: #ff6600;\"><b>REGLAMENTO INTERNO <\/b><b>DE<\/b><b> TENIS<\/b><\/span><\/h3>\n<p>El presente Reglamento tiene la intenci\u00f3n de facilitar la armon\u00eda y la sana convivencia entre los socios del Club de Campo El Paso (en adelante CCEP).<\/p>\n<p>No se trata de imponer restricciones, sino definir los l\u00edmites y responsabilidades que le caben a cada uno de los integrantes de la comunidad deportiva en su relaci\u00f3n con el medio, con la actividad, con los empleados y contratitas, con las autoridades de aplicaci\u00f3n y con el resto de los socios en cuyo beneficio se aplicar\u00e1 el presente Reglamento.[\/vc_column_text][vc_tta_accordion][vc_tta_section title=\u00bbINTRODUCCI\u00d3N: Reglas de etiqueta en el tenis\u00bb tab_id=\u00bb1489761607941-5984cf17-0d25&#8243;][vc_column_text]El tenis es un juego en el que est\u00e1n presentes la consideraci\u00f3n y educaci\u00f3n por el rival. Todos podr\u00e1n disfrutar del juego mucho m\u00e1s si las <em>siguientes<\/em> reglas son respetadas:<\/p>\n<ul>\n<li>Hablar a bajo volumen cuando est\u00e9 cerca de canchas donde se est\u00e1 jugando, especialmente si se est\u00e1 desarrollando alguna competencia.<\/li>\n<li>El tenis requiere de silencio, evitar gritos, malas palabras y discusiones en tono alto mientras est\u00e9s jugando.<\/li>\n<li>Ingresar a la cancha en horario,\u202f por la puerta correcta y no mientras se est\u00e9 jugando un punto.<\/li>\n<li>Cuando est\u00e9s en cancha retirarte en tiempo y forma cuando ingresen los jugadores del siguiente turno, solicitando a los mismos finalizar el juego si fuese necesario. Salir siempre por la puerta m\u00e1s cercana.<\/li>\n<li>Mantener y dejar ordenado el banco, de manera de poder compartirlo con otros jugadores. Utilizar los cestos de basura.<\/li>\n<li>Devolver las pelotas de canchas cercanas al fondo de la cancha y nunca mientras se est\u00e1 jugando un punto.<\/li>\n<li>Pedir las pelotas que se te hayan ido a otras canchas respetuosamente. Esperar que no se est\u00e9 jugando.<\/li>\n<\/ul>\n<ol>\n<li>Cantar s\u00f3lo las l\u00edneas propias. Si la pelota es buena no decir nada y seguir jugando. Respetar lo que cante tu contrario (o compa\u00f1ero) y ante la duda, repetir el punto.<\/li>\n<li>Considerar buena una pelota si no se est\u00e1 seguro si fue dentro o fuera y ofrecer repetir el punto si ha confundido a su oponente al devolver una pelota que \u00e9l vio fuera.<\/li>\n<li>En dobles, no cantar pelotas cuando van a l\u00edneas m\u00e1s lejanas a vos, salvo que sean muy claras y tu compa\u00f1ero no la haya visto o te consulte.<\/li>\n<li>El que saca debe cantar el marcador al comienzo del juego y la puntuaci\u00f3n a partir del segundo punto. Si el que devuelve no escucha el anuncio del marcador, debe pedir se haga en voz m\u00e1s alta. No esperar a que el sacador crea que gan\u00f3 el juego para intentar reconstruir el marcador porque no se control\u00f3 la puntuaci\u00f3n.<\/li>\n<li>Nunca criticar a tu pareja de dobles, mientras est\u00e9s jugando darle \u00e1nimo y ser buen compa\u00f1ero.<\/li>\n<li>Por \u00faltimo, siempre intenta divertirte, especialmente en partidos amistosos, aunque est\u00e9s jugando de manera desastrosa. Jugar\u00e1s mejor con una actitud positiva.<\/li>\n<\/ol>\n<p>[\/vc_column_text][\/vc_tta_section][vc_tta_section title=\u00bb1-\u00c1REA DE APLICACI\u00d3N\u00bb tab_id=\u00bb1489761607986-9fbd79c4-1e44&#8243;][vc_column_text]Canchas de Tenis ( 1 a 3 ) y Sectores de circulaci\u00f3n.[\/vc_column_text][\/vc_tta_section][vc_tta_section title=\u00bb2-AUTORIDADES DE APLICACI\u00d3N\u00bb tab_id=\u00bb1489761708840-e78873ae-9219&#8243;][vc_column_text]Miembros de la Sub-Comisi\u00f3n de tenis, Secretario Deportivo y Capit\u00e1n Deportivo.[\/vc_column_text][\/vc_tta_section][vc_tta_section title=\u00bb3-REQUISITOS B\u00c1SICOS PARA EL USO DE CANCHAS\u00bb tab_id=\u00bb1489761743305-9076c2c4-f9d5&#8243;][vc_column_text]a) Las canchas podr\u00e1n ser utilizadas exclusivamente por Socios que su condici\u00f3n los habilite para realizar la pr\u00e1ctica de este deporte y que no se encuentren en mora respecto de la cuota deportiva y de las expensas ni cumpliendo sanciones disciplinarias;<\/p>\n<p>b) Los invitados de Socios, siempre y cuando jueguen con un Socio invitante, quien se har\u00e1 cargo, firma mediante, del arancel correspondiente al jugador invitado, cargo que ser\u00e1 debitado en su pr\u00f3xima factura mensual, o abonado en el momento en Secretar\u00eda Deportiva.[\/vc_column_text][\/vc_tta_section][vc_tta_section title=\u00bb4-RESERVA DE TURNOS\u00bb tab_id=\u00bb1489761798254-39ca32eb-4101&#8243;][vc_column_text]Los turnos podr\u00e1n reservarse con una anticipaci\u00f3n de 48 hrs y hasta dentro del mismo d\u00eda, personalmente o por tel\u00e9fono y ser\u00e1n tomados exclusivamente por el SECRETARIO DEPORTIVO\u00a0 quien verificar\u00e1 la disponibilidad de turnos en la planilla, previo a concederlos. En el caso en que el personal no estuviera disponible, la registraci\u00f3n de la reserva se podr\u00e1 realizar en una planilla designada para tal fin en la cartelera de la Secretar\u00eda. \u00danicamente podr\u00e1n solicitar una reserva los asociados (mayores y menores). Un socio jugador no podr\u00e1 reservar m\u00e1s de un turno por vez. Ser\u00e1n sancionados los socios que hubieran reservado un turno y luego no se presentaran a jugar sin una aviso previo de por lo menos 30 minutos (ver Reserva de Turnos).<\/p>\n<p>En el momento de la reserva de un turno, se deber\u00e1n registrar los nombres y apellidos de todos los jugadores, el horario y la modalidad de juego\u00a0 (singles o dobles):<\/p>\n<p>Quienes anoten personas que \u00abno conocieran su participaci\u00f3n en el partido\u00bb o quienes \u00abpresten su nombre\u00bb para un partido en el que no jugar\u00e1n, ser\u00e1n sancionados\/as, no pudiendo hacer uso de las canchas por al menos una semana. Si se reiterase la infracci\u00f3n, la suspensi\u00f3n ser\u00e1 por el t\u00e9rmino de un mes. Infracciones de mayor gravedad ser\u00e1n consideradas y determinadas por el SUB-COMISI\u00d3N DE TENIS.<\/p>\n<p>* Los turnos ser\u00e1n de 30 minutos para los singles y de 60 minutos para los dobles en horario diurno y de 60 minutos y 90 minutos en horario nocturno.<\/p>\n<p>* Ning\u00fan socio podr\u00e1 volver a solicitar un turno hasta tanto haya finalizado el turno en el cual se encuentre anotado.<\/p>\n<p>* Los horarios de cada turno ser\u00e1n estrictos, admiti\u00e9ndose una tolerancia m\u00e1xima de 10 minutos. Vencido dicho plazo, se perder\u00e1 el derecho de reserva, por la cual el turno podr\u00e1 ser utilizado por otro socio. En este supuesto, el socio que desee hacer uso de la cancha deber\u00e1 efectuar la reserva correspondiente al SECRETARIO DEPORTIVO una vez que haya vencido el tiempo de tolerancia.<\/p>\n<p>* En cada turno deber\u00e1 estar participando al menos uno de los socios habilitados que efectuaron la reserva. En caso contrario se considerar\u00e1 anulado el turno pedido.<\/p>\n<p>*\u00a0 En singles podr\u00e1 jugar un invitado y en dobles tres. Los invitados podr\u00e1n jugar 2 veces al d\u00eda, en cualquiera de las modalidades (singles o dobles).<\/p>\n<p>* La SUB-COMISI\u00d3N DE TENIS podr\u00e1 asignar turnos permanentes pre-fijados para la utilizaci\u00f3n de las canchas por la Escuela de Tenis de menores y para las clases particulares de tenis a cargo de profesores autorizados por el CCEP.<\/p>\n<p>* Es obligatorio comunicar al SECRETARIO DEPORTIVO la cancelaci\u00f3n de un turno, por lo menos 30 minutos\u00a0 antes de su iniciaci\u00f3n, para facilitar la inscripci\u00f3n de otros jugadores y evitar la aplicaci\u00f3n de la sanci\u00f3n correspondiente.[\/vc_column_text][\/vc_tta_section][vc_tta_section title=\u00bb5- HORARIOS DE ATENCI\u00d3N\u00bb tab_id=\u00bb1489761838351-52def4d8-7b1d\u00bb][vc_column_text]Se tomar\u00e1n reservas de Lunes a S\u00e1bados de 12 a 20 Hs en Secretar\u00eda Deportiva o podr\u00e1n hacerlo personalmente en las planillas destinadas a tal fin ubicadas en el transparente de Secretar\u00eda Deportiva.<\/p>\n<table>\n<tbody>\n<tr>\n<td><strong>Temporada<\/strong><\/td>\n<td><strong>Meses<\/strong><\/td>\n<td><strong>Horario Diurno<\/strong><\/td>\n<td><strong>Horario Nocturno<\/strong><\/td>\n<\/tr>\n<tr>\n<td><strong>Verano<\/strong><\/td>\n<td>Septiembre \u2013 Marzo<\/td>\n<td>8:00 \u2013 20:00<\/td>\n<td>20:00 \u2013 22:00<\/td>\n<\/tr>\n<tr>\n<td><strong>Invierno<\/strong><\/td>\n<td>Abril \u2013 Agosto<\/td>\n<td>8:00 \u2013 19:00<\/td>\n<td>19:00 \u2013 22:00<\/td>\n<\/tr>\n<\/tbody>\n<\/table>\n<p>&nbsp;<\/p>\n<p>Los d\u00edas 24, 25 y 31 de diciembre y el 1 de enero el horario de apertura y cierre del club ser\u00e1 dispuesto oportunamente por la Comisi\u00f3n Directiva. Como as\u00ed tambi\u00e9n en otras fechas en las que se desarrollen eventos especiales.[\/vc_column_text][\/vc_tta_section][vc_tta_section title=\u00bb6-ORGANIZACI\u00d3N DEL TENIS\u00bb tab_id=\u00bb1489761868333-a718f273-c7bf\u00bb][vc_column_text]La organizaci\u00f3n de Tenis en el CCEP depender\u00e1 de una SUB-COMISI\u00d3N DE TENIS integrada por un Capit\u00e1n y por un Sub-capit\u00e1n designados por la Comisi\u00f3n Directiva. Ellos podr\u00e1n a su vez designar entre los socios del CCEP a los colaboradores que estimen necesarios en funci\u00f3n de las necesidades y de los objetivos propuestos.<\/p>\n<p>Los integrantes de la SUB-COMISI\u00d3N DE TENIS deber\u00e1n cumplir con lo dispuesto en el presente reglamento y sus cargos se renovar\u00e1n anualmente coincidiendo con la Asamblea General Ordinaria del CCEP.<\/p>\n<p>Ser\u00e1 responsabilidad de la SUB-COMISI\u00d3N DE TENIS<\/p>\n<ol>\n<li>a) Hacer cumplir las normas del presente Reglamento en tiempo y forma.<\/li>\n<li>b) Organizar y coordinar la pr\u00e1ctica deportiva y la actividad social relacionada con el tenis.<\/li>\n<li>c) Mantener informado al Capit\u00e1n Deportivo del desarrollo de las actividades deportivas y del estado de las canchas y de las instalaciones vinculadas a la pr\u00e1ctica del tenis.<\/li>\n<li>d) Proponer a la CD planes y programas de desarrollo que estimulen entre los integrantes del CCEP la pr\u00e1ctica del tenis.<\/li>\n<\/ol>\n<p>[\/vc_column_text][\/vc_tta_section][vc_tta_section title=\u00bbGENERALES\u00bb tab_id=\u00bb1489761952777-e9ea5c55-eed5&#8243;][vc_column_text]<\/p>\n<ol>\n<li>a) Los \u00fanicos habilitados para anotar y\/o anular turnos y para decidir la interrupci\u00f3n de la actividad deportiva por distintas circunstancias (condiciones meterol\u00f3gicas, accidentes, etc.) ser\u00e1 el SECRETARIO DEPORTIVO.<\/li>\n<li>b) Todos los jugadores deber\u00e1n usar indumentaria acorde a la pr\u00e1ctica de este deporte, que hagan a la discreci\u00f3n y al buen gusto. No se permitir\u00e1 el torso desnudo y el calzado inadecuado que no sea el reglamentario. De no cumplir con estas normas, los jugadores no podr\u00e1n iniciar o continuar jugando y ser\u00e1n invitados a retirarse de la cancha por el\u00a0 SECRETARIO DEPORTIVO o por los miembros de la SUB-COMISI\u00d3N DE TENIS. En el caso de los invitados,\u00a0 adem\u00e1s de prohibirles jugar, el socio que los invit\u00f3 ser\u00e1 apercibido por no haber hecho respetar lo establecido en este Reglamento.<\/li>\n<\/ol>\n<p>S\u00f3lo se podr\u00e1 ingresar a las canchas una vez iniciado el turno reservado, utilizando calzado y ropa deportiva adecuada para la pr\u00e1ctica de tenis. No est\u00e1 permitido jugar con el torso descubierto.<\/p>\n<p>Las canchas podr\u00e1n utilizarse todos los d\u00edas en los siguientes horarios:<\/p>\n<p>La duraci\u00f3n de los turnos ser\u00e1 la siguiente:<\/p>\n<table>\n<tbody>\n<tr>\n<td><strong>Tipo de Juego<\/strong><\/td>\n<td><strong>Horario Diurno<\/strong><\/td>\n<td><strong>Horario Nocturno<\/strong><\/td>\n<\/tr>\n<tr>\n<td><strong>Individual<\/strong><\/td>\n<td>30 minutos<\/td>\n<td>60 minutos<\/td>\n<\/tr>\n<tr>\n<td><strong>Dobles<\/strong><\/td>\n<td>60 minutos<\/td>\n<td>90 minutos<\/td>\n<\/tr>\n<\/tbody>\n<\/table>\n<p>Reserva en horario diurno<\/p>\n<p>Todos los jugadores deber\u00e1n quedar registrados con nombre y apellido en la reserva de cancha y\u202f<strong>toda reserva deber\u00e1 tener un titular designado<\/strong>\u202f(el primer jugador de la lista) <strong>quien ser\u00e1 responsable por el cumplimiento del reglamento<\/strong>.<\/p>\n<p>En caso en que el turno anterior al reservado est\u00e9 libre, los jugadores podr\u00e1n hacer uso de las canchas a partir de 15 minutos antes del inicio de su turno, no antes. En caso contrario la reserva ser\u00e1 cancelada (por considerarse que se hizo uso del turno anterior sin haberlo reservado).<\/p>\n<p>Ning\u00fan jugador podr\u00e1 estar registrado en m\u00e1s de una reserva al mismo tiempo. Para registrarse en un turno posterior, los jugadores deber\u00e1n esperar a que concluya \u00edntegramente el turno previo.<\/p>\n<p>Todo cambio de jugadores deber\u00e1 ser registrado antes del comienzo del turno correspondiente. En el caso en que una vez iniciado un turno alguno de los jugadores deba retirarse imprevistamente, el mismo podr\u00e1 ser reemplazado por otro jugador siempre que \u00e9ste no est\u00e9 registrado en otra reserva (de un turno posterior).<\/p>\n<p>Reserva en horario nocturno<\/p>\n<p>En los horarios en que se encuentre abierta la secretar\u00eda se podr\u00e1n realizar reservas anticipadas (pueden ser telef\u00f3nicas) con hasta 24 hs. de anticipaci\u00f3n. Todos los jugadores deber\u00e1n quedar registrados con nombre y apellido en la reserva anticipada y\u202f<strong>el jugador que solicita la reserva ser\u00e1 el titular designado<\/strong>\u202f(no est\u00e1 permitido hacer reservas para terceros).<\/p>\n<p>Las reservas anticipadas podr\u00e1n ser canceladas hasta 2 horas antes del inicio del turno y no se aceptar\u00e1n cancelaciones con posterioridad a este plazo.<\/p>\n<p>En caso en que los jugadores no se hicieran presentes para el uso de la cancha, el titular de la reserva deber\u00e1 abonar el importe correspondiente a la iluminaci\u00f3n de la cancha\u202f en concepto de multa (a\u00fan no habiendo hecho uso de la cancha).<\/p>\n<p>Otras consideraciones sobre el uso de canchas<\/p>\n<p>Salvo excepciones oportunamente comunicadas por la Comisi\u00f3n Directiva o la Subcomisi\u00f3n de Tenis, las canchas 1 2 y 3 ser\u00e1n para uso exclusivo de los Socios.<\/p>\n<p>En temporada de verano, los Socios Activos tendr\u00e1n prioridad para el uso de las canchas a partir de las 19:00 horas.[\/vc_column_text][\/vc_tta_section][vc_tta_section title=\u00bbHABILITACI\u00d3N Y ACONDICIONAMIENTO DE CANCHAS\u00bb tab_id=\u00bb1489762006694-311de9f7-5d65&#8243;][vc_column_text]El acondicionamiento, habilitaci\u00f3n o inhabilitaci\u00f3n (por circunstancias clim\u00e1ticas) de las canchas ser\u00e1 responsabilidad exclusiva del personal autorizado por la Comisi\u00f3n Directiva.[\/vc_column_text][\/vc_tta_section][vc_tta_section title=\u00bbNORMAS SUPLETORIAS\u00bb tab_id=\u00bb1489762054796-ff359c68-4763&#8243;][vc_column_text]El Reglamento de la Asociaci\u00f3n Argentina de Tenis, el Estatuto Societario\u202fy Reglamento General Interno ser\u00e1 de aplicaci\u00f3n en todos los casos no previstos por el presente.<\/p>\n<p>Autoridad de aplicaci\u00f3n:<\/p>\n<p>Se considera ENCARGADO al empleado del CCEP, quien durante su horario de labor se encuentra a cargo de la asignaci\u00f3n de turnos, del mantenimiento de las canchas y de supervisar el cumplimiento del presente reglamento.<\/p>\n<p>De acuerdo al orden de prelaci\u00f3n estatutaria son los miembros titulares de la Comisi\u00f3n Directiva.<\/p>\n<p>Ser\u00e1n severamente sancionadas aquellas personas reiterativas en anotaciones irregulares.[\/vc_column_text][\/vc_tta_section][\/vc_tta_accordion][\/vc_column][vc_column width=\u00bb1\/3&#8243;][vc_single_image image=\u00bb2822&#8243; img_size=\u00bbfull\u00bb onclick=\u00bbcustom_link\u00bb link=\u00bbhttp:\/\/clubdecampoelpaso.com.ar\/club\/tenis-2\/\u00bb][vc_single_image image=\u00bb2821&#8243; img_size=\u00bbfull\u00bb onclick=\u00bbcustom_link\u00bb link=\u00bbhttp:\/\/clubdecampoelpaso.com.ar\/club\/futbol_alquiler\/\u00bb][\/vc_column][\/vc_row][vc_row][vc_column width=\u00bb2\/3&#8243;][vc_single_image image=\u00bb10283&#8243; img_size=\u00bbfull\u00bb][\/vc_column][vc_column width=\u00bb1\/3&#8243;][\/vc_column][\/vc_row]<\/p>\n","protected":false},"excerpt":{"rendered":"<p>[vc_row][vc_column][rev_slider_vc alias=\u00bbslider29&#8243;][\/vc_column][\/vc_row][vc_row][vc_column width=\u00bb2\/3&#8243;][vc_column_text] Para Reservas On-line por primera vez solicite la contrase\u00f1a en Secretar\u00eda Deportiva REGLAMENTO INTERNO DE TENIS El presente Reglamento tiene la intenci\u00f3n de facilitar la armon\u00eda y la sana convivencia entre los socios del Club de Campo El Paso (en adelante CCEP). No se trata de imponer restricciones, sino definir los l\u00edmites <\/p>\n","protected":false},"author":2,"featured_media":0,"parent":0,"menu_order":0,"comment_status":"closed","ping_status":"closed","template":"","meta":[],"_links":{"self":[{"href":"https:\/\/clubdecampoelpaso.com.ar\/club\/wp-json\/wp\/v2\/pages\/846"}],"collection":[{"href":"https:\/\/clubdecampoelpaso.com.ar\/club\/wp-json\/wp\/v2\/pages"}],"about":[{"href":"https:\/\/clubdecampoelpaso.com.ar\/club\/wp-json\/wp\/v2\/types\/page"}],"author":[{"embeddable":true,"href":"https:\/\/clubdecampoelpaso.com.ar\/club\/wp-json\/wp\/v2\/users\/2"}],"replies":[{"embeddable":true,"href":"https:\/\/clubdecampoelpaso.com.ar\/club\/wp-json\/wp\/v2\/comments?post=846"}],"version-history":[{"count":14,"href":"https:\/\/clubdecampoelpaso.com.ar\/club\/wp-json\/wp\/v2\/pages\/846\/revisions"}],"predecessor-version":[{"id":10284,"href":"https:\/\/clubdecampoelpaso.com.ar\/club\/wp-json\/wp\/v2\/pages\/846\/revisions\/10284"}],"wp:attachment":[{"href":"https:\/\/clubdecampoelpaso.com.ar\/club\/wp-json\/wp\/v2\/media?parent=846"}],"curies":[{"name":"wp","href":"https:\/\/api.w.org\/{rel}","templated":true}]}}