{"id":785,"date":"2017-02-02T12:59:04","date_gmt":"2017-02-02T12:59:04","guid":{"rendered":"http:\/\/clubdecampoelpaso.com.ar\/club\/?page_id=785"},"modified":"2020-05-20T18:35:24","modified_gmt":"2020-05-20T18:35:24","slug":"socios-fundadores","status":"publish","type":"page","link":"https:\/\/clubdecampoelpaso.com.ar\/club\/socios-fundadores\/","title":{"rendered":"Socios Fundadores"},"content":{"rendered":"<p>[vc_row][vc_column][rev_slider_vc alias=\u00bbslider4&#8243;][\/vc_column][\/vc_row][vc_row][vc_column width=\u00bb2\/3&#8243;][vc_column_text]<\/p>\n<h2><span style=\"color: #ff6600;\"><strong>SOCIOS FUNDADORES<\/strong><\/span><\/h2>\n<p>[\/vc_column_text][vc_column_text]<\/p>\n<h3><\/h3>\n<table width=\"725\">\n<tbody>\n<tr>\n<td width=\"364\">Olinda S. de AIASSA<\/td>\n<td>Omar GIORGI<\/td>\n<\/tr>\n<tr>\n<td width=\"364\">Aldo ALASSIO<\/td>\n<td>Carlos M. G\u00d3MEZ<\/td>\n<\/tr>\n<tr>\n<td width=\"364\">Sonia ALZAMORA<\/td>\n<td>Carlos GONZALEZ<\/td>\n<\/tr>\n<tr>\n<td width=\"364\">Ra\u00fal BERNAL<\/td>\n<td>Alicia A. de GUERECHET<\/td>\n<\/tr>\n<tr>\n<td width=\"364\">Jorge BERTOTTI<\/td>\n<td>Benito GUGLIELMONE<\/td>\n<\/tr>\n<tr>\n<td width=\"364\">Luis BONFANTI<\/td>\n<td>\u00c1ngel GUZM\u00c1N<\/td>\n<\/tr>\n<tr>\n<td width=\"364\">Alfredo BRADFORD<\/td>\n<td>Juan Carlos GUZZETTI<\/td>\n<\/tr>\n<tr>\n<td width=\"364\">Ana M. de CAPUTTO<\/td>\n<td>David HACHUEL<\/td>\n<\/tr>\n<tr>\n<td width=\"364\">Jorge CHRISTE<\/td>\n<td>Antonio KRESKA<\/td>\n<\/tr>\n<tr>\n<td width=\"364\">Julio COLOMBINI<\/td>\n<td>Orlando LEYENDEKER<\/td>\n<\/tr>\n<tr>\n<td width=\"364\">Mario CORNEJO<\/td>\n<td>\u00c1ngel P. MALVICINO<\/td>\n<\/tr>\n<tr>\n<td width=\"364\">Antonio DI BIASSIO<\/td>\n<td>Oscar MALVICINO<\/td>\n<\/tr>\n<tr>\n<td width=\"364\">Ra\u00fal DIEGO<\/td>\n<td>V\u00edctor MALVICINO<\/td>\n<\/tr>\n<tr>\n<td width=\"364\">Valent\u00edn DIEGO<\/td>\n<td>Ra\u00fal MORENO<\/td>\n<\/tr>\n<tr>\n<td width=\"364\">Horacio DOBLER<\/td>\n<td>Antonino NOSEDA<\/td>\n<\/tr>\n<tr>\n<td width=\"364\">Dante ENRIETTO<\/td>\n<td>H\u00e9ctor NOSEDA<\/td>\n<\/tr>\n<tr>\n<td width=\"364\">Carlos A. FILOMENA<\/td>\n<td>Eduardo ORIO<\/td>\n<\/tr>\n<tr>\n<td width=\"364\">Eduardo A. GAY\u00c1<\/td>\n<td>Alberto OVIDI<\/td>\n<\/tr>\n<tr>\n<td width=\"364\">Julio GAY\u00c1<\/td>\n<td>Oscar PELLEGRINI<\/td>\n<\/tr>\n<tr>\n<td width=\"364\">Roberto GAY\u00c1<\/td>\n<td>Reinaldo PFAFFEN<\/td>\n<\/tr>\n<tr>\n<td width=\"364\">Miguel GIORGI<\/td>\n<td>Juan PRIANO<\/td>\n<\/tr>\n<tr>\n<td width=\"364\">Carlos PRONO<\/td>\n<td>Jos\u00e9 PUCCINELLI<\/td>\n<\/tr>\n<tr>\n<td width=\"364\">Ra\u00fal RODRIGUEZ HORT<\/td>\n<td>Enzo SCOCCO<\/td>\n<\/tr>\n<tr>\n<td width=\"364\">Marcelo SERRAO<\/td>\n<td>Eduardo SOFFICI<\/td>\n<\/tr>\n<tr>\n<td width=\"364\">Eduardo VILLA<\/td>\n<td>Josefa S. de VITTORI<\/td>\n<\/tr>\n<\/tbody>\n<\/table>\n<p>[\/vc_column_text][\/vc_column][vc_column width=\u00bb1\/3&#8243;][vc_empty_space][vc_single_image image=\u00bb1515&#8243; img_size=\u00bbfull\u00bb alignment=\u00bbcenter\u00bb onclick=\u00bbcustom_link\u00bb link=\u00bbhttp:\/\/clubdecampoelpaso.com.ar\/club\/proximo-torneo\/\u00bb][vc_single_image image=\u00bb1516&#8243; img_size=\u00bbfull\u00bb alignment=\u00bbcenter\u00bb onclick=\u00bbcustom_link\u00bb link=\u00bbhttp:\/\/clubdecampoelpaso.com.ar\/club\/resultados-de-torneos\/\u00bb][vc_single_image image=\u00bb2822&#8243; img_size=\u00bbfull\u00bb alignment=\u00bbcenter\u00bb onclick=\u00bbcustom_link\u00bb link=\u00bbhttp:\/\/clubdecampoelpaso.com.ar\/club\/tenis-2\/\u00bb][vc_single_image image=\u00bb2821&#8243; img_size=\u00bbfull\u00bb alignment=\u00bbcenter\u00bb onclick=\u00bbcustom_link\u00bb link=\u00bbhttp:\/\/clubdecampoelpaso.com.ar\/club\/futbol_alquiler\/\u00bb][vc_single_image image=\u00bb1517&#8243; img_size=\u00bbfull\u00bb alignment=\u00bbcenter\u00bb onclick=\u00bbcustom_link\u00bb img_link_target=\u00bb_blank\u00bb link=\u00bbhttps:\/\/www.aag.org.ar\/\u00bb][vc_single_image image=\u00bb1562&#8243; img_size=\u00bbfull\u00bb alignment=\u00bbcenter\u00bb onclick=\u00bbcustom_link\u00bb img_link_target=\u00bb_blank\u00bb link=\u00bbhttp:\/\/www.smartgolf.com.ar\/\u00bb][vc_single_image image=\u00bb1519&#8243; img_size=\u00bbfull\u00bb alignment=\u00bbcenter\u00bb onclick=\u00bbcustom_link\u00bb img_link_target=\u00bb_blank\u00bb link=\u00bbhttp:\/\/fedegolf.org.ar\/pagina_principal\/index.php\u00bb][vc_single_image image=\u00bb1508&#8243; img_size=\u00bbfull\u00bb alignment=\u00bbcenter\u00bb onclick=\u00bbcustom_link\u00bb img_link_target=\u00bb_blank\u00bb link=\u00bbhttp:\/\/elpaso.bmsolucionessrl.net.ar:82&#8243;][\/vc_column][\/vc_row][vc_row][vc_column][\/vc_column][\/vc_row]<\/p>\n","protected":false},"excerpt":{"rendered":"<p>[vc_row][vc_column][rev_slider_vc alias=\u00bbslider4&#8243;][\/vc_column][\/vc_row][vc_row][vc_column width=\u00bb2\/3&#8243;][vc_column_text] SOCIOS FUNDADORES [\/vc_column_text][vc_column_text] Olinda S. de AIASSA Omar GIORGI Aldo ALASSIO Carlos M. G\u00d3MEZ Sonia ALZAMORA Carlos GONZALEZ Ra\u00fal BERNAL Alicia A. de GUERECHET Jorge BERTOTTI Benito GUGLIELMONE Luis BONFANTI \u00c1ngel GUZM\u00c1N Alfredo BRADFORD Juan Carlos GUZZETTI Ana M. de CAPUTTO David HACHUEL Jorge CHRISTE Antonio KRESKA Julio COLOMBINI Orlando LEYENDEKER Mario <\/p>\n","protected":false},"author":2,"featured_media":0,"parent":0,"menu_order":0,"comment_status":"closed","ping_status":"closed","template":"","meta":[],"_links":{"self":[{"href":"https:\/\/clubdecampoelpaso.com.ar\/club\/wp-json\/wp\/v2\/pages\/785"}],"collection":[{"href":"https:\/\/clubdecampoelpaso.com.ar\/club\/wp-json\/wp\/v2\/pages"}],"about":[{"href":"https:\/\/clubdecampoelpaso.com.ar\/club\/wp-json\/wp\/v2\/types\/page"}],"author":[{"embeddable":true,"href":"https:\/\/clubdecampoelpaso.com.ar\/club\/wp-json\/wp\/v2\/users\/2"}],"replies":[{"embeddable":true,"href":"https:\/\/clubdecampoelpaso.com.ar\/club\/wp-json\/wp\/v2\/comments?post=785"}],"version-history":[{"count":19,"href":"https:\/\/clubdecampoelpaso.com.ar\/club\/wp-json\/wp\/v2\/pages\/785\/revisions"}],"predecessor-version":[{"id":10143,"href":"https:\/\/clubdecampoelpaso.com.ar\/club\/wp-json\/wp\/v2\/pages\/785\/revisions\/10143"}],"wp:attachment":[{"href":"https:\/\/clubdecampoelpaso.com.ar\/club\/wp-json\/wp\/v2\/media?parent=785"}],"curies":[{"name":"wp","href":"https:\/\/api.w.org\/{rel}","templated":true}]}}